e 85590136?
True
Does 467 divide 5201233474?
False
Is 13 a factor of 14288677?
True
Is 5147968 a multiple of 448?
True
Does 174 divide 26275218?
True
Does 197 divide 29246620?
True
Does 63 divide 426699?
True
Does 3 divide 2893294?
False
Does 68 divide 698773933?
False
Is 312196716 a multiple of 6?
True
Is 463 a factor of 590188710?
False
Is 250281658 a multiple of 3538?
True
Is 410992 a multiple of 2?
True
Is 57494052 a multiple of 66?
True
Does 720 divide 887238690?
False
Does 1523 divide 33982699?
True
Is 563 a factor of 28309567?
False
Does 3783 divide 271846380?
True
Is 374250817 a multiple of 522?
False
Does 13 divide 34026395?
True
Is 124727195 a multiple of 34?
False
Is 504 a factor of 30602340?
False
Does 21 divide 17918696?
False
Does 8382 divide 951852489?
False
Is 13 a factor of 1154383114?
False
Is 269946056 a multiple of 156?
False
Is 4239 a factor of 1650588564?
False
Is 87480032 a multiple of 194?
True
Does 9315 divide 42467085?
True
Is 110810734 a multiple of 13?
False
Is 223454629 a multiple of 146?
False
Is 4 a factor of 1171678003?
False
Is 22995900 a multiple of 50?
True
Does 14 divide 18815607?
False
Is 2443278982 a multiple of 13?
False
Is 1030 a factor of 14527177?
False
Is 14 a factor of 88209296?
True
Is 576798368 a multiple of 5912?
True
Is 181447473 a multiple of 580?
False
Is 77333251 a multiple of 18?
False
Is 4280390380 a multiple of 70?
True
Is 152 a factor of 36814258?
False
Is 214544372 a multiple of 335?
False
Is 2980 a factor of 13636949?
False
Is 7 a factor of 791648669?
True
Does 1026 divide 165125466?
True
Is 6924633 a multiple of 297?
False
Is 7900404 a multiple of 3?
True
Is 60 a factor of 3750523260?
True
Is 2140340006 a multiple of 31?
True
Is 846286931 a multiple of 200?
False
Is 616708404 a multiple of 702?
True
Does 433 divide 493901017?
True
Is 724 a factor of 1341728384?
True
Is 13 a factor of 15871059?
False
Is 14 a factor of 132957584?
False
Is 719549517 a multiple of 92?
False
Is 16109509 a multiple of 77?
False
Does 66 divide 227277900?
False
Is 220913056 a multiple of 856?
True
Is 2212 a factor of 996050328?
True
Is 334 a factor of 113761251?
False
Is 1379806452 a multiple of 106?
True
Does 440 divide 1246656840?
True
Is 16 a factor of 45670208?
True
Does 130 divide 14812367?
False
Does 113 divide 564089107?
True
Is 57026079 a multiple of 124?
False
Does 117 divide 239515733?
False
Is 5383631472 a multiple of 2564?
False
Does 13 divide 57971524?
True
Is 11 a factor of 4488088?
True
Is 2268457 a multiple of 401?
True
Is 156 a factor of 32645652?
True
Is 12 a factor of 592077240?
True
Is 68 a factor of 26552797?
False
Is 795 a factor of 1498466085?
True
Does 246 divide 91506881?
False
Is 580926458 a multiple of 609?
False
Is 221649149 a multiple of 158?
False
Is 34971888 a multiple of 2?
True
Does 336 divide 22358112?
True
Is 9049 a factor of 199539499?
True
Is 33 a factor of 295810812?
True
Is 89575264 a multiple of 98?
False
Is 89897541 a multiple of 63?
False
Is 198 a factor of 99669397?
False
Is 2946758508 a multiple of 17581?
False
Is 5575 a factor of 1125938150?
True
Does 3 divide 47897336?
False
Is 1941 a factor of 495238463?
False
Does 2 divide 257263847?
False
Is 194 a factor of 237835852?
True
Is 173667231 a multiple of 1721?
False
Does 502 divide 10259876?
True
Does 503 divide 543018540?
False
Does 3 divide 20763295?
False
Is 4 a factor of 199592636?
True
Is 237 a factor of 124338969?
True
Is 85 a factor of 8907405?
True
Is 1338 a factor of 13049514?
True
Is 660 a factor of 74123940?
True
Is 1789585480 a multiple of 167?
False
Does 2605 divide 8929940?
True
Is 91 a factor of 20825647?
False
Is 6 a factor of 210432084?
True
Is 12 a factor of 968038453?
False
Is 329 a factor of 1583611199?
False
Is 303 a factor of 80136531?
True
Is 2079 a factor of 489171358?
False
Does 311 divide 68111799?
True
Is 66 a factor of 142298574?
True
Is 215 a factor of 140721370?
True
Is 699 a factor of 87310692?
True
Does 40 divide 1940681320?
True
Is 1347039540 a multiple of 510?
True
Is 14 a factor of 9193632?
True
Is 106 a factor of 1818881666?
True
Is 348108246 a multiple of 5297?
True
Does 180 divide 1215670584?
False
Is 81 a factor of 225923876?
False
Is 70 a factor of 4068918?
False
Does 43 divide 599291?
True
Is 13 a factor of 42197591?
False
Does 8 divide 33256457?
False
Does 13 divide 640937132?
False
Is 20625537 a multiple of 6?
False
Does 6737 divide 2395825414?
True
Is 6085138 a multiple of 8?
False
Is 33415020 a multiple of 20?
True
Is 636 a factor of 826949460?
True
Does 610 divide 400738890?
True
Is 1193 a factor of 7348880?
True
Does 4136 divide 630638557?
False
Does 36 divide 175254768?
True
Is 19 a factor of 787228080?
False
Is 43177616 a multiple of 60?
False
Does 600 divide 12142200?
True
Is 409693 even?
False
Is 70 a factor of 428776250?
True
Is 855207234 a multiple of 6937?
True
Is 4864 a factor of 1382865539?
False
Is 48 a factor of 231584253?
False
Is 94 a factor of 818588?
False
Is 1056140399 a multiple of 545?
False
Does 3521 divide 213784557?
True
Is 902 a factor of 13897391?
False
Does 43 divide 184569416?
True
Is 27 a factor of 225683901?
True
Is 14 a factor of 101208199?
False
Is 4914524466 a multiple of 1459?
False
Is 81 a factor of 199247267?
False
Is 324 a factor of 3341434371?
False
Does 86 divide 218516626?
True
Does 29 divide 5770066184?
False
Does 6 divide 632915271?
False
Is 4277586 a multiple of 67?
False
Is 89085948 a multiple of 287?
True
Does 2 divide 389419495?
False
Is 403 a factor of 421002413?
True
Does 489 divide 2682117568?
False
Does 16 divide 798768855?
False
Does 58 divide 12063850?
False
Is 59858460 a multiple of 6?
True
Is 4673 a factor of 199129737?
False
Does 27 divide 43243389?
True
Does 873 divide 44185270?
False
Is 36864637 a multiple of 1933?
False
Does 119 divide 130436971?
True
Is 4550 a factor of 579196800?
True
Is 704 a factor of 18703453?
False
Does 234 divide 681534034?
False
Does 8 divide 1425183328?
True
Is 22 a factor of 670112518?
False
Is 1357 a factor of 128900073?
True
Is 2380625 even?
False
Does 130 divide 4595240?
True
Is 83703773 a multiple of 7?
False
Is 29 a factor of 5913158?
True
Does 44 divide 71363254?
False
Does 367 divide 335160409?
False
Is 104 a factor of 33121920?
True
Is 3561 a factor of 1631988495?
True
Is 60613008 a multiple of 8?
True
Is 107 a factor of 208410962?
True
Is 525 a factor of 55507725?
True
Does 702 divide 518500381?
False
Does 14 divide 39590023?
False
Is 99 a factor of 10367496?
False
Is 2 a factor of 27845325?
False
Is 29 a factor of 30153620?
True
Is 66737036 a multiple of 289?
True
Is 50549968 a multiple of 1208?
True
Is 5411 a factor of 31214971?
False
Does 39 divide 15469077?
True
Is 15169518 a multiple of 18?
True
Is 508 a factor of 333109316?
True
Is 4 a factor of 3587524?
True
Is 369 a factor of 4320487915?
False
Is 226483850 a multiple of 122?
True
Does 16 divide 3060614?
False
Does 7 divide 1049244?
True
Is 156072214 a multiple of 104?
False
Is 2385318000 a multiple of 5300?
True
Is 116240260 a multiple of 20?
True
Does 12 divide 36736212?
True
Is 68770632 a multiple of 7?
True
Does 113 divide 15487839?
False
Does 14 divide 556559759?
False
Does 693 divide 54606321?
True
Is 516 a factor of 944493902?
False
Does 253 divide 141532754?
True
Does 45 divide 55560060?
True
Is 520718100 a multiple of 735?
True
Is 28 a factor of 1151780776?
False
Is 487339428 a multiple of 282?
True
Does 36 divide 163427652?
True
Is 5 a factor of 102819979?
False
Is 600361 a multiple of 15?
False
Is 406 a factor of 2191254835?
False
Is 336 a factor of 16920288?
True
Is 34138264 a multiple of 4?
True
Does 2181 divide 36839168?
False
Is 21334437 a multiple of 1205?
False
Does 18 divide 169066890?
True
Is 27 a factor of 175215955?
False
Does 26 divide 1961937068?
True
Is 418 a factor of 5125864170?
False
Is 381 a factor of 450090159?
True
Is 27 a factor of 5437942749?
True
Is 31 a factor of 584285585?
False
Is 4 a factor of 95747243?
False
Is 388238282 a multiple of 17?
True
Is 4370328 a multiple of 216?
True
Is 8505264 a multiple of 8?
True
Is 82 a factor of 626917352?
False
Is 227042616 a multiple of 8?
True
Does 211 divide 1007170084?
False
Is 127690940 a multiple of 115?
True
Does 31 divide 33710082?
True
Is 13